Deze pagina kan het beste bekeken worden met Google Chrome v61.0
Copyright 2001 - 2018,  Enkhuizen Meteo
H e t   l o k a l e   w e e r o v e r z i c h t   v o o r   d e   r e g i o   W e s t f r i e s l a n d
Enkhuizen Meteo
24 uur per dag live weeroverzicht voor de regio Enkhuizen en omgeving
                                 MONTHLY CLIMATOLOGICAL SUMMARY for MAR. 2016 NAME: Enkhuizen Meteo   CITY: Enkhuizen   STATE: Netherlands ELEV:    -1 m  LAT:  52° 71' 45" N  LONG:   5° 27' 21" E                    TEMPERATURE (°C), RAIN  (mm), WIND SPEED (km/hr)                                       HEAT  COOL        AVG     MEAN                              DEG   DEG         WIND                 DOM DAY TEMP  HIGH   TIME   LOW    TIME   DAYS  DAYS  RAIN  SPEED HIGH   TIME    DIR ------------------------------------------------------------------------------------  1   3.2   7.1   22:53   0.9    4:07  15.0   0.0   8.2  14.0  49.9   16:06   SSW  2   5.4   8.3    1:19   0.8   22:53  12.9   0.0  17.2   9.3  48.3    7:53   WSW  3   4.1   8.0   13:40   0.8    0:01  14.1   0.0   5.6   5.1  32.2   13:54   WNW  4   2.6   3.9    0:01   1.0   15:39  15.7   0.0  11.0  11.7  48.3   11:32    SE  5   3.6   7.9   13:13  -0.9    5:36  14.7   0.0   0.2   3.1  24.1   14:11    SW  6   3.6   7.7   11:02   1.6    6:14  14.7   0.0   0.8   1.8  27.4   13:52   WNW  7   4.1   7.8   13:25   0.9    7:26  14.2   0.0   0.4   4.3  22.5    2:26   WSW  8   4.9   9.1   12:31   2.2    6:31  13.3   0.0   0.4   6.6  33.8   23:56   WSW  9   5.2   7.8   16:45   3.4    7:15  13.1   0.0   0.0  14.3  46.7    9:09    SE 10   5.0   7.8   14:06   2.9    7:29  13.3   0.0   0.0   7.7  25.7   18:30     E 11   3.1   4.5    0:39   1.4   22:29  15.2   0.0   0.0   4.7  19.3    5:37     E 12   4.8   8.4   14:07   2.1    4:37  13.5   0.0   0.0   4.8  27.4   11:14     E 13   4.6   7.7   14:26   1.7    6:26  13.3   0.0   0.0   8.9  32.2   23:07   ENE 14   4.5   8.6   16:00   1.4    5:26  13.8   0.0   0.0   8.7  29.0    2:08   ENE 15   6.3   8.7   16:27   4.3    0:01  11.9   0.0   0.0   6.4  24.1   15:32   ENE 16   5.8   8.9   14:19   2.6    6:48  12.5   0.0   0.0  10.1  30.6   11:41     E 17   6.1  10.5   13:01   3.5    6:55  12.2   0.0   0.0   8.4  30.6   15:56     N 18   5.7   7.1   17:01   4.2    0:05  12.6   0.0   0.0   9.2  30.6   23:50     N 19   6.5   7.9   14:22   5.3    6:50  11.8   0.0   0.0  12.4  33.8   13:22     N 20   6.8   9.4   14:41   5.1    2:42  11.5   0.0   0.8   9.8  33.8   14:44   NNW 21   7.5  10.1   14:24   6.2   22:34  10.8   0.0   0.2   9.2  33.8   13:02   WNW 22   7.8  10.8   12:48   5.7    2:56  10.5   0.0   0.2   9.2  27.4   14:25   NNW 23   7.5  10.1   14:09   6.2    5:56  10.8   0.0   0.8   8.9  27.4    3:57   NNW 24   7.9  10.9   14:53   6.8    3:37  10.3   0.0   1.2   7.2  33.8   14:23   WSW 25   7.3   9.1   11:54   3.7   23:41  11.0   0.0   5.2  10.5  40.2   14:10   WSW 26   8.6  14.1   14:01   3.5    0:29   8.6   0.0   0.2  12.7  45.1   23:36     S 27   9.1  12.2   17:19   6.9    8:18   8.8   0.0  11.8  15.1  72.4   18:26    SW 28   9.3  11.7   15:43   7.7    8:18   8.9   0.0   1.6  22.5  69.2   15:22   WSW 29   8.4  11.1   16:02   6.8    3:48   9.8   0.0   0.4  13.4  49.9   14:56   WSW 30   8.3  11.6   15:05   5.9    7:13   9.9   0.0   5.8  10.3  45.1   13:34     W 31   7.9  11.2   15:15   4.3    7:38   8.5   0.0   0.2   4.5  30.6   18:26     N -------------------------------------------------------------------------------------      6.0  14.1    26    -0.9     5   377.0   0.0  72.2   9.2  72.4    27     WSW Max >=  32.0:  0 Max <=   0.0:  0 Min <=   0.0:  1 Min <= -18.0:  0 Max Rain: 17.20 ON 02-03-16 Days of Rain: 20 (> .2 mm) 7 (> 2 mm) 0 (> 20 mm) Heat Base:  18.3  Cool Base:  18.3  Method: Integration
NOAA Overzicht - maart 2016