Deze pagina kan het beste bekeken worden met Google Chrome v61.0
Copyright 2001 - 2018,  Enkhuizen Meteo
H e t   l o k a l e   w e e r o v e r z i c h t   v o o r   d e   r e g i o   W e s t f r i e s l a n d
Enkhuizen Meteo
24 uur per dag live weeroverzicht voor de regio Enkhuizen en omgeving
                   MONTHLY CLIMATOLOGICAL SUMMARY for DEC. 2017 NAME: Enkhuizen Meteo   CITY: Enkhuizen   STATE: Netherlands ELEV:    -1 m  LAT:  52° 71' 45" N  LONG:   5° 27' 21" E                    TEMPERATURE (°C), RAIN  (mm), WIND SPEED (km/hr)                                       HEAT  COOL        AVG     MEAN                              DEG   DEG         WIND                 DOM DAY TEMP  HIGH   TIME   LOW    TIME   DAYS  DAYS  RAIN  SPEED HIGH   TIME    DIR ------------------------------------------------------------------------------------  1   2.1   4.8   15:35  -0.8   00:00  16.2   0.0   0.6   0.0   0.0     ---   ---  2   0.9   2.1   23:45  -1.2    1:25  17.4   0.0   0.4   0.0   0.0     ---   ---  3   5.4   8.4   13:15   1.9    0:15  12.9   0.0   1.4   0.0   0.0     ---   ---  4   7.1   9.3   13:35   5.6   21:35  11.3   0.0   1.0   0.0   0.0     ---   ---  5   8.1   9.3   13:40   6.7    0:05  10.2   0.0   0.2   0.0   0.0     ---   ---  6   8.6  10.0   12:50   7.7   21:10   9.7   0.0   0.0   0.0   0.0     ---   ---  7   6.2   7.7    0:05   5.0    8:55  12.1   0.0   9.2   0.0   0.0     ---   ---  8   3.2   6.2    0:05   0.7   18:05  15.1   0.0   6.4   0.0   0.0     ---   ---  9   2.6   4.1   11:15   1.2   22:40  15.7   0.0  12.2   0.0   0.0     ---   --- 10   1.3   2.2    1:00   0.5   18:55  17.0   0.0   6.0   0.0   0.0     ---   --- 11   1.0   2.2    7:20  -0.4    6:15  17.3   0.0   3.4   0.0   0.0     ---   --- 12   2.4   5.1   11:35   1.3    3:50  15.9   0.0  11.0   0.0   0.0     ---   --- 13   3.7   5.6   21:15   1.5    0:20  14.6   0.0   7.0   0.0   0.0     ---   --- 14   3.8   5.9   12:35   1.2    5:55  14.5   0.0   5.6   0.0   0.0     ---   --- 15   2.8   3.7   17:10   1.6   22:10  15.5   0.0   1.2   0.0   0.0     ---   --- 16   3.1   6.3   12:25   1.2    2:25  15.3   0.0   1.0   0.0   0.0     ---   --- 17   2.9   6.5   12:35  -0.4    8:55  15.4   0.0   3.6   0.0   0.0     ---   --- 18   5.1   7.0   13:30   1.8   22:55  13.2   0.0   1.4   0.0   0.0     ---   --- 19   5.6   7.7   14:50   2.4    0:05  12.7   0.0   0.2   0.0   0.0     ---   --- 20   7.3   8.9   15:00   4.9    4:30  11.0   0.0   0.4   0.0   0.0     ---   --- 21   7.6   8.5    4:05   5.9   20:35  10.7   0.0   1.2   0.0   0.0     ---   --- 22   5.1   6.8    0:10   2.5   17:40  13.2   0.0   0.4   0.0   0.0     ---   --- 23   8.2   8.9   14:55   5.4    0:05  10.1   0.0   0.4   0.0   0.0     ---   --- 24   8.4   9.3   19:45   7.9    7:45   9.9   0.0   0.0   0.0   0.0     ---   --- 25   7.9   9.5    5:10   5.3   23:55  10.4   0.0   0.2   0.0   0.0     ---   --- 26   5.9   7.7   12:15   5.0    4:00  12.4   0.0   1.0   0.0   0.0     ---   --- 27   5.1   5.9   15:10   3.2   19:05  13.3   0.0   9.0   0.0   0.0     ---   --- 28   4.4   6.0   13:20   3.2    8:40  13.9   0.0   0.0   0.0   0.0     ---   --- 29   3.3   5.9   23:10   1.5   11:00  15.0   0.0   8.0   0.0   0.0     ---   --- 30   7.7  11.1   15:25   4.1    7:55  10.6   0.0   6.2   0.0   0.0     ---   --- 31   9.8  12.7   12:35   7.6    4:35   8.5   0.0   8.2   0.0   0.0     ---   --- -------------------------------------------------------------------------------------      5.1  12.7    31    -1.2     2   410.7   0.0 106.8   0.0   0.0     ---   --- Max >=  32.0:  0 Max <=   0.0:  0 Min <=   0.0:  4 Min <= -18.0:  0 Max Rain: 12.19 ON 09-12-17 Days of Rain: 28 (> .2 mm) 13 (> 2 mm) 0 (> 20 mm) Heat Base:  18.3  Cool Base:  18.3  Method: Integration * Ivm een defecte anemometer geen correcte windgegevens
NOAA Overzicht - december 2017