Deze pagina kan het beste bekeken worden met Google Chrome v66.0
Copyright 2001 - 2018,  Enkhuizen Meteo
H e t   l o k a l e   w e e r o v e r z i c h t   v o o r   d e   r e g i o   W e s t f r i e s l a n d
Enkhuizen Meteo
24 uur per dag live weeroverzicht voor de regio Enkhuizen en omgeving
                       MONTHLY CLIMATOLOGICAL SUMMARY for APR. 2018 NAME: Enkhuizen Meteo   CITY: Enkhuizen   STATE: Netherlands ELEV:    -1 m  LAT:  52° 71' 45" N  LONG:   5° 27' 21" E                    TEMPERATURE (°C), RAIN  (mm), WIND SPEED (km/hr)                                       HEAT  COOL        AVG     MEAN                              DEG   DEG         WIND                 DOM DAY TEMP  HIGH   TIME   LOW    TIME   DAYS  DAYS  RAIN  SPEED HIGH   TIME    DIR ------------------------------------------------------------------------------------  1   5.5   7.5    0:05   4.3    7:55  12.8   0.0  15.6   0.0   0.0     ---   ---  2   6.5  10.2   20:20   2.8    3:40  11.8   0.0   3.8   0.0   0.0     ---   ---  3  10.8  15.2   15:15   8.3    1:25   7.5   0.0   7.0   0.0   0.0     ---   ---  4   9.6  13.1   12:55   8.0    7:25   8.7   0.0  11.4   0.0   0.0     ---   ---  5   6.8   8.9    1:10   3.6   00:00  11.5   0.0   4.8   0.0   0.0     ---   ---  6   8.5  13.7   16:10   2.9    5:20   9.8   0.0   0.0   0.0   0.0     ---   ---  7  13.3  19.7   15:10   7.9    7:30   5.2   0.1   0.0   0.0   0.0     ---   ---  8  12.9  18.7   13:35   9.6   00:00   5.4   0.0   0.0   0.0   0.0     ---   ---  9  10.0  13.6   15:40   7.6    5:50   8.3   0.0   0.0   0.0   0.0     ---   --- 10  13.7  18.9   16:00   9.2    0:05   4.6   0.0   0.0   0.0   0.0     ---   --- 11  11.9  15.3   15:10   8.7    7:25   6.4   0.0   0.0   0.0   0.0     ---   --- 12  10.4  13.2   18:45   7.6    5:55   7.9   0.0   0.0   0.0   0.0     ---   --- 13  11.4  16.2   13:35   7.8    7:30   6.9   0.0   0.0   0.0   0.0     ---   --- 14  11.0  14.4   17:35   8.7    5:50   7.3   0.0   0.0   0.0   0.0     ---   --- 15  11.6  15.4   14:10   9.6    6:35   6.7   0.0   7.8   0.0   0.0     ---   --- 16  12.7  15.8   13:35   9.2   00:00   5.6   0.0   0.4   0.0   0.0     ---   --- 17  14.1  19.8   16:00   8.3    2:30   4.3   0.2   0.0   0.0   0.0     ---   --- 18  17.2  24.4   16:15  10.8    6:15   2.5   1.5   0.2   0.0   0.0     ---   --- 19  20.8  28.1   14:50  14.5    6:35   0.8   3.3   0.0   0.0   0.0     ---   --- 20  19.1  26.8   13:15  13.1   22:50   1.5   2.4   0.0   0.0   0.0     ---   --- 21  15.0  19.0   14:55  11.6    5:15   3.3   0.0   0.0   0.0   0.0     ---   --- 22  17.7  25.5   16:20  12.7    7:00   2.3   1.7   0.0   0.0   0.0     ---   --- 23  13.5  16.7   15:45  10.3    6:50   4.8   0.0   0.0   0.0   0.0     ---   --- 24  12.7  16.4   14:55  10.6    0:05   5.6   0.0   5.0   0.0   0.0     ---   --- 25  11.5  13.8   15:40   8.8   23:15   6.8   0.0   2.2   0.0   0.0     ---   --- 26  10.6  14.1   14:45   8.3    7:05   7.7   0.0   0.0   0.0   0.0     ---   --- 27  10.8  15.2   14:25   8.1    6:00   3.7   0.0   0.0   0.0   0.0     ---   --- 28  12.1  15.2   12:55   9.3   00:00   6.3   0.0   1.0   0.0   0.0     ---   --- 29  10.1  11.9   14:30   7.5    2:55   8.2   0.0   9.2   0.0   0.0     ---   --- 30   9.6  11.3   16:50   7.5   23:55   8.7   0.0  21.2   0.0   0.0     ---   --- -------------------------------------------------------------------------------------     12.0  28.1    19     2.8     2   193.0   9.1  89.6   0.0   0.0     ---   --- Max >=  32.0:  0 Max <=   0.0:  0 Min <=   0.0:  0 Min <= -18.0:  0 Max Rain: 21.21 ON 30-04-18 Days of Rain: 13 (> .2 mm) 10 (> 2 mm) 1 (> 20 mm) Heat Base:  18.3  Cool Base:  18.3  Method: Integration * Ivm een defecte anemometer geen correcte windgegevens
NOAA Overzicht - april 2018