Deze pagina kan het beste bekeken worden met Google Chrome v66.0
Copyright 2001 - 2018,  Enkhuizen Meteo
H e t   l o k a l e   w e e r o v e r z i c h t   v o o r   d e   r e g i o   W e s t f r i e s l a n d
Enkhuizen Meteo
24 uur per dag live weeroverzicht voor de regio Enkhuizen en omgeving
                       MONTHLY CLIMATOLOGICAL SUMMARY for MAY. 2018 NAME: Enkhuizen Meteo   CITY: Enkhuizen   STATE: Netherlands ELEV:    -1 m  LAT:  52° 71' 45" N  LONG:   5° 27' 21" E                    TEMPERATURE (°C), RAIN  (mm), WIND SPEED (km/hr)                                       HEAT  COOL        AVG     MEAN                              DEG   DEG         WIND                 DOM DAY TEMP  HIGH   TIME   LOW    TIME   DAYS  DAYS  RAIN  SPEED HIGH   TIME    DIR ------------------------------------------------------------------------------------  1   8.7  12.9   16:30   6.1   23:40   9.6   0.0   4.6   0.0   0.0     ---   ---  2  12.1  17.1   16:00   6.5    0:05   6.2   0.0   1.2   0.0   0.0     ---   ---  3  11.0  15.3   13:45   6.3    6:25   7.3   0.0   0.0   0.0   0.0     ---   ---  4  12.6  16.8   15:00   7.6    5:45   5.7   0.0   0.0   0.0   0.0     ---   ---  5  15.0  20.4   16:10  10.1    6:10   3.6   0.4   0.0   0.0   0.0     ---   ---  6  18.3  24.1   16:40  12.6    6:10   1.8   1.8   0.0   0.0   0.0     ---   ---  7  19.5  24.4   15:45  14.8    6:10   0.7   1.9   0.0   0.0   0.0     ---   ---  8  21.3  27.0   16:30  16.0    6:45   0.4   3.4   0.0   0.0   0.0     ---   ---  9  18.9  27.2   12:55  13.9   23:45   1.3   1.9   0.0   0.0   0.0     ---   --- 10  13.2  17.1   13:50   9.2   00:00   5.1   0.0   3.2   0.0   0.0     ---   --- 11  13.4  17.6   15:40   7.2    6:10   4.9   0.0   0.0   0.0   0.0     ---   --- 12  18.7  24.3   14:50  14.4    5:25   1.2   1.6   0.0   0.0   0.0     ---   --- 13  15.3  18.7    0:05  11.7   22:40   3.0   0.0   5.6   0.0   0.0     ---   --- 14  18.6  25.3   15:55  11.9    0:05   1.9   2.2   0.0   0.0   0.0     ---   --- 15  19.3  24.1   13:30  16.2    5:40   0.7   1.7   0.0   0.0   0.0     ---   --- 16  15.6  18.3   11:25  11.3   00:00   2.8   0.0   0.0   0.0   0.0     ---   --- 17  11.4  13.4   12:30  10.1    6:25   6.8   0.0   0.0   0.0   0.0     ---   --- 18  11.1  13.7   14:15   9.8    5:45   7.2   0.0   0.0   0.0   0.0     ---   --- 19  12.3  15.3   15:15   9.9    6:55   6.0   0.0   0.0   0.0   0.0     ---   --- 20  15.7  20.9   14:50   8.7    6:05   2.9   0.3   0.0   0.0   0.0     ---   --- 21  19.7  24.7   16:45  14.9    6:00   0.8   2.2   0.0   0.0   0.0     ---   --- 22  19.6  25.1   16:05  15.8    6:15   0.5   1.8   0.0   0.0   0.0     ---   --- 23  19.1  24.9   15:45  15.5    4:45   0.8   1.7   0.0   0.0   0.0     ---   --- 24  19.9  24.6   16:05  16.6    5:45   0.4   2.0   0.0   0.0   0.0     ---   --- 25  20.3  23.7   13:40  18.1    4:45   0.0   2.0   0.0   0.0   0.0     ---   --- 26  21.7  26.6   16:50  17.6    6:35   0.0   3.5   0.0   0.0   0.0     ---   --- 27  22.1  26.8   16:30  17.9    6:20   0.0   3.8   0.0   0.0   0.0     ---   --- 28  22.8  28.2   13:35  18.2    6:15   0.0   4.6   0.0   0.0   0.0     ---   --- 29  22.7  29.0   13:55  18.8   21:20   0.0   4.3   2.0   0.0   0.0     ---   --- 30  22.1  27.4   16:15  18.9    5:30   0.0   3.7   1.4   0.0   0.0     ---   --- 31  21.7  26.7   12:25  19.1   14:20   0.0   3.3   3.6   0.0   0.0     ---   --- -------------------------------------------------------------------------------------     17.2  29.0    29     6.1     1    81.8  48.1  21.6   0.0   0.0     ---   --- Max >=  32.0:  0 Max <=   0.0:  0 Min <=   0.0:  0 Min <= -18.0:  0 Max Rain: 5.59 ON 13-05-18 Days of Rain: 7 (> .2 mm) 5 (> 2 mm) 0 (> 20 mm) Heat Base:  18.3  Cool Base:  18.3  Method: Integration * Ivm een defecte anemometer geen correcte windgegevens
NOAA Overzicht - mei 2018